f(-2).
26
Let t(u) = -u**3 + 5*u**2 + 2*u + 4. What is t(4)?
28
Let p(d) = -78*d + 4. Calculate p(1).
-74
Let s(a) = -4*a + 7. Calculate s(-6).
31
Let a(l) = -l**2 + 7*l - 7. Calculate a(5).
3
Let q(g) = -g**2 - 12*g + 33. Calculate q(-16).
-31
Let z(y) = 2*y + 5. Give z(-6).
-7
Let w(f) = -6*f - 2. Calculate w(-3).
16
Let c(i) = -i**3 + 5*i**2 + 31*i - 7. Determine c(8).
49
Let x(i) = -10*i + 65. Calculate x(6).
5
Let x(r) = -r**2 + 116*r + 608. Give x(-5).
3
Let y(t) = 2*t**3 - 4*t - 5. Calculate y(-3).
-47
Let u(i) = -i**3 + 3*i**2 + 2*i - 7. Determine u(3).
-1
Let c(z) = z**3 + 24*z**2 + 18*z - 77. Determine c(-23).
38
Let v(d) = 57*d**3 + 3*d - 3. Give v(1).
57
Let n(u) = -u**3 + 15*u**2 + 20*u + 16. Calculate n(16).
80
Let y(o) = o**2 + 4*o - 37. Give y(-9).
8
Let x(t) = 4*t + 24. What is x(-7)?
-4
Let t(w) = -w**3 + 4*w**2 + 7. Determine t(3).
16
Let r(j) = -j**3 - 10*j**2 - j - 4. What is r(-10)?
6
Let s(m) = -25*m - 119. Determine s(-5).
6
Let z(f) = 36*f + 282. Calculate z(-8).
-6
Let u(p) = -p**2 + 8*p + 10. Determine u(10).
-10
Let w(m) = -m - 34. Determine w(-11).
-23
Let j(v) = 9*v + 13. Determine j(5).
58
Let t(b) = -b**3 - 8*b**2 + 10*b + 8. Determine t(-9).
-1
Let z(h) = -7*h**2 - 10*h - 1. Determine z(-4).
-73
Let d(k) = k**3 - 5*k**2 - 3*k + 17. Calculate d(5).
2
Let i(p) = 70*p - 120. What is i(2)?
20
Let n(b) = 130*b**2 + 10*b - 9. Give n(1).
131
Let k(s) = s**3 + 9*s**2 + 5*s + 9. Calculate k(-9).
-36
Let m(b) = b**3 + 6*b**2 - 2*b - 3. Calculate m(-6).
9
Let b(x) = x**2 - x - 2. What is b(-3)?
10
Let l(c) = 41*c + 4. Calculate l(0).
4
Let y(q) = -q**3 - 30*q**2 + 31*q + 4. What is y(-31)?
4
Let l(p) = -p**3 + 2*p**2 - 3*p + 62. Calculate l(0).
62
Let l(o) = -37*o**2 + o - 1. Give l(-1).
-39
Let o(w) = -2*w**3 + 6*w**2 - 4*w - 2. Determine o(4).
-50
Let p(g) = g**3 + 8*g**2 + 19. What is p(-8)?
19
Let y(l) = -9*l**3 - 3*l**2 + 2. Give y(-1).
8
Let r(i) = -i**3 + 8*i**2 - 12*i - 3. What is r(6)?
-3
Let w(b) = -b**3 - 9*b**2 - 17. Determine w(-9).
-17
Let l(d) = d**2 - 15*d - 46. Calculate l(-3).
8
Let h(g) = 15*g - 8. Calculate h(1).
7
Let z(h) = h + 24. Give z(0).
24
Let v(l) = -l**2 + 34. Determine v(-6).
-2
Let h(r) = 11*r + 30. Give h(-7).
-47
Let v(d) = -6*d**2 + 3. Determine v(3).
-51
Let u(h) = -h**3 - 8*h**2 + h + 27. Determine u(-7).
-29
Let k(a) = a**3 + 39*a**2 + 113*a + 174. What is k(-36)?
-6
Let z(c) = 3*c**2 - 60*c + 19. Calculate z(20).
19
Let o(j) = -j**3 + 6*j**2 + 19*j - 29. Determine o(8).
-5
Let n(c) = 11*c + 59. Calculate n(-8).
-29
Let q(h) = -7*h + 4. Give q(-3).
25
Let k(c) = c**3 + c**2 - 15*c - 13. Give k(4).
7
Let u(v) = -v**2 - 8*v + 34. Calculate u(-6).
46
Let r(i) = i**2 - 7*i - 629. Determine r(-22).
9
Let a(u) = -7*u + 54. Calculate a(8).
-2
Let h(p) = 7*p - 1. What is h(-8)?
-57
Let p(k) = -k**3 + 30*k**2 + 36*k + 32. Determine p(31).
187
Let z(o) = 13*o + 2. Give z(1).
15
Let t(x) = x**2 - 3*x + 11. Give t(5).
21
Let v(q) = q**2 + 2*q + 3. Give v(6).
51
Let w(x) = 16*x - 104. Determine w(8).
24
Let r(h) = -h**3 - 14*h**2 - 19*h - 14. What is r(-12)?
-74
Let k(d) = d**2 - 11*d + 19. Give k(8).
-5
Let q(y) = y**2 - 5*y - 31. Determine q(9).
5
Let p(k) = -2*k**2 + 7*k + 6. Calculate p(-1).
-3
Let m(v) = -v**2 + 29*v - 58. Give m(27).
-4
Let u(i) = -i**3 + 29*i**2 + 29*i + 26. Calculate u(30).
-4
Let r(y) = -y**3 - y**2 + 2*y - 4. Determine r(0).
-4
Let r(n) = n**3 + 10*n**2 + 12*n + 18. What is r(-9)?
-9
Let j(q) = -5*q - 10. What is j(-5)?
15
Let s(b) = -7*b + 222. Calculate s(31).
5
Let j(b) = b**3 + 2*b**2 + 3*b - 7. Determine j(2).
15
Let l(i) = 2*i + 12. What is l(-9)?
-6
Let g(a) = -14*a**2 + a + 5. Give g(2).
-49
Let s(o) = -o**3 - 3*o**2 + 2*o - 7. Determine s(-3).
-13
Let s(k) = k**3 + 14*k**2 + 8*k - 6. Give s(-13).
59
Let r(b) = b**2 - 63*b + 816. Give r(45).
6
Let d(w) = -21*w**2 - 2*w + 1. Give d(1).
-22
Let c(z) = 2*z**2 + 14*z + 14. Determine c(-9).
50
Let i(m) = -m - 3. What is i(-4)?
1
Let u(z) = -z**3 + 19*z**2 + 21*z - 25. Determine u(20).
-5
Let x(p) = p + 2. Calculate x(2).
4
Let y(l) = -l**3 + 15*l**2 - 2*l + 16. Determine y(15).
-14
Let u(g) = 3*g**3 + 9*g**2 + 13*g + 4. Calculate u(-4).
-96
Let l(w) = -9*w + 51. Give l(7).
-12
Let r(c) = -8*c - 5. What is r(2)?
-21
Let w(b) = -7*b**3 + 2*b + 4. Determine w(-2).
56
Let p(q) = q**2 + 2*q - 15. Determine p(-4).
-7
Let c(h) = -4*h - 1. What is c(3)?
-13
Let h(b) = 6*b + 5. Calculate h(4).
29
Let p(q) = -q**3 - 2*q - 1. Determine p(2).
-13
Let j(l) = -2*l - 34. Determine j(-19).
4
Let j(l) = -47*l + 6. Determine j(1).
-41
Let a(o) = 10*o - 102. What is a(7)?
-32
Let v(m) = 3*m**3 - 3*m**2 + 8. Determine v(2).
20
Let b(a) = -a**3 + 9*a**2 - 5*a - 22. What is b(5)?
53
Let k(f) = -f**2 - 37*f - 296. Calculate k(-12).
4
Let j(h) = -25*h + 1. Give j(-1).
26
Let d(y) = y**3 + 7*y**2 + 7*y - 3. Give d(-4).
17
Let q(h) = -h**3 + 4*h**2 + 6*h - 4. Calculate q(6).
-40
Let q(w) = 19*w - 3. What is q(1)?
16
Let h(n) = n**3 - 14*n**2 + 10*n + 30. Determine h(13).
-9
Let c(t) = 2*t**2 - 4*t + 15. Calculate c(5).
45
Let j(y) = y**2 - 6*y + 18. What is j(9)?
45
Let d(f) = -65*f - 644. Determine d(-10).
6
Let g(v) = -4*v - 10. What is g(-2)?
-2
Let v(u) = -u**3 - 13*u**2 + 11*u - 45. What is v(-14)?
-3
Let k(q) = -q**3 - 5*q**2 - q + 3. Calculate k(-5).
8
Let f(c) = -2*c**2 + 7*c - 7. Calculate f(4).
-11
Let v(r) = -r**3 + 6*r**2 + 2*r + 13. What is v(6)?
25
Let r(y) = -y**2 + 10*y - 2. Determine r(0).
-2
Let s(c) = 3*c**3 - 28*c**2 + 12*c - 31. Give s(9).
-4
Let s(t) = -3*t - 12. What is s(-5)?
3
Let a(n) = 5*n - 76. Give a(15).
-1
Let b(m) = m**3 - 9*m**2 - 27*m + 19. Calculate b(11).
-36
Let m(q) = -q**2 - 13*q - 12. Calculate m(-8).
28
Let v(y) = -y + 9. Determine v(13).
-4
Let g(q) = -3*q + 90. What is g(24)?
18
Let f(p) = -3*p**2 + 2*p - 1. What is f(1)?
-2
Let t(w) = 3*w - 6. Determine t(6).
12
Let t(l) = l**2 + 7*l - 13. Determine t(-9).
5
Let i(t) = t**2 + 9*t - 25. Calculate i(8).
111
Let t(y) = -5*y**2 - 28*y - 17. Determine t(-5).
-2
Let k(m) = -m - 3. What is k(14)?
-17
Let v(a) = 3*a - 6. What is v(11)?
27
Let r(z) = -18*z - 28. Calculate r(-2).
8
Let c(r) = -r**2 + 3*r + 21. What is c(0)?
21
Let r(d) = -d**2 + 4*d + 5. Determine r(5).
0
Let a(r) = 3*r**2 - 85*r + 18. Determine a(28).
-10
Let z(t) = t**2 - 29*t - 30. Calculate z(30).
0
Let d(m) = 2*m**2 - 67*m + 36. Give d(33).
3
Let b(w) = -w**3 - 20*w**2 + 20*w - 24. What is b(-21)?
-3
Let v(b) = b + 13. What is v(10)?
23
Let z(c) = -2*c**2 + 12*c + 9. Determine z(7).
-5
Let i(a) = a**3 - 2*a**2 - 7*a + 6. Determine i(4).
10
Let s(r) = 2*r**2 - 17*r - 1. What is s(8)?
-9
Let r(z) = -z**2 - 9*z + 88. Calculate r(6).
-2
Let p(g) = 2*g + 46. Determine p(-22).
2
Let b(a) = -a**3 + 8*a**2 + 18*a - 104. Calculate b(6).
76
Let s(y) = 7*y - 3. Give s(-2).
-17
Let t(m) = -2*m - 18. Determine t(-7).
-4
Let s(p) = -36*p + 321. Determine s(9).
-3
Let d(l) = -5*l**2 + 3. What is d(3)?
-42
Let q(a) = a**3 + 4*a**2 + 2*a. Calculate q(-5).
-35
Let x(j) = -j**2 + 32*j + 63. Give x(34).
-5
Let h(p) = -p + 19. Calculate h(17).
2
Let u(t) = -2*t**2 - 6*t - 7. Give u(-2).
-3
Let v(j) = j**3 - 3*j**2 - 30*j + 8. Give v(7).
-6
Let y(g) = 2*g + 2. Determine y(11).
24
Let y(c) = c**3 + 11*c**2 + 11*c - 7. Calculate y(-10).
-17
Let l(o) = -o - 15. Determine l(0).
-15
Let s(b) = b**3 - 12*b**2 + 11*b - 10. What is s(11)?
-10
Let m(l) = l**2 - 9*l + 7. Determine m(6).
-11
Let r(h) = -14*h - 80. Determine r(-5).
-10
Let c(q) = 3*q - 36. Calculate c(3).
-27
Let r(i) = -7*i - 4. What is r(-2)?
10
Let m(k) = -k**3 - 2*k**2 - 6*k + 15. Calculate m(-5).
120
Let p(y) = -y**3 + 19*y**2 - 15*y - 7. Calculate p(18).
47
Let s(h) = -h**3 + 2*h. What is s(2)?
-4
Let o(l) = -13*l. Give o(1).
-13
Let x(h) = 5*h**2 + 23*h - 15. Determine x(-5).
-5
Let n(l) = -7*l - 4. Calculate n(0).
-4
Let u(p) = -2*p**2 + 6*p + 26. What is u(6)?
-10
Let y(k) = k**2 + 4*k + 8. Give y(0).
8
Let q(k) = k**3 - 14*k**2 - 4. Give q(14).
-4
Let a(y) = 3*y**2 - 2*y + 84. Calculate a(0).
84
Let y(r) = -r**2 + 7*r - 6. Determine y(6).
0
Let a(u) = -3*u**2 - 22*u - 13. Determine a(-6).
11
Let p(b) = b**2 - 3*b - 5. Calculate p(4).
-1
Let g(s) = 10*s**2 + 6*s - 12. Calculate g(3).
96
Let h(q) = 18*q - 130. What is h(4)?
-58
Let q(x) = -x*